 and n?
3
Suppose 6*l - l = 55. Let x(t) = -7*t + 15. Suppose 4*i + 40 = -0*g - 3*g, -2 = 2*i. Let z be x(g). Calculate the greatest common divisor of z and l.
11
Suppose -2*a + 12 = -18. Suppose 0 = -5*q + 2*n + 1377, 4*q + n = 2*n + 1101. Let h = q - 110. What is the highest common divisor of a and h?
15
Suppose 0*z + 4*u = -z + 260, 748 = 3*z - 4*u. What is the highest common factor of z and 112?
28
Suppose -4*t + 3*j + 0*j = -24, 2*j = 3*t - 17. What is the greatest common divisor of 291 and t?
3
Suppose -2*s + 40 = -3*c + 112, 0 = -2*c - 2*s + 48. Suppose -3*g = -12 - c. What is the highest common factor of g and 48?
12
Suppose 3*t - 2*b - 4 - 13 = 0, t + 3*b = 24. Let l = -6 + t. Suppose -4 = i, 4 = 3*u - 5*u - 2*i. Calculate the highest common divisor of u and l.
1
Let j be (13 - 10)*7*5. Let o(g) = g + 4. Let u(x) = 5. Let d(f) = -4*o(f) + 3*u(f). Let y be d(-4). Calculate the greatest common divisor of j and y.
15
Let x = -124 + 148. Let y be (((-21)/(-4))/7)/(2/96). What is the greatest common divisor of y and x?
12
Suppose 276 + 396 = 7*s. Calculate the highest common divisor of 12 and s.
12
Let u be (-720)/(-6 + 12)*(-24)/30. Calculate the highest common divisor of 36 and u.
12
Let l be (-50)/20*(-32)/5. Let r be 4/l + (-134)/(-8). What is the highest common factor of r and 1?
1
Let n(g) = g**2 + 3*g + 7. Let k be n(-4). Suppose -5*y + y = -264. What is the greatest common factor of y and k?
11
Suppose 0 = 4*q + q - 990. Let l(x) = x**3 - 11*x**2 - 11*x - 2. Let m be l(12). Let u = 8 + m. Calculate the greatest common divisor of q and u.
18
Let h be (-3*2/(-18))/((-3)/(-45)). Suppose -h*v - 12 = -107. Suppose 3*y + 2*y - 380 = 0. Calculate the highest common divisor of y and v.
19
Let l(u) = -u**2 + 5*u + 4. Let g be l(5). Suppose 3*z + 25*i - 498 = 20*i, -354 = -2*z + g*i. What is the highest common factor of 9 and z?
9
Suppose 7*y - 58 = -16. What is the highest common divisor of 354 and y?
6
Let z be 59*30*3/6. What is the greatest common divisor of 15 and z?
15
Let i = 8 - 5. Let k be ((-1)/i)/((-13)/(-273)). Let f(n) = -2*n - 8. Let c be f(k). Calculate the greatest common factor of 12 and c.
6
Let y = -86 - -108. What is the highest common divisor of 22 and y?
22
Let o = -1 + 3. Let y be (-157)/(-4) - o/8. Let x be 1/(-2) + y/6. Calculate the highest common factor of 12 and x.
6
Let a be 3/((-1 - 0)*-1). Suppose 4*w = -q + 177, -2*q + 30 = w + a*q. Let z = 265 - w. What is the highest common divisor of 20 and z?
20
Let r = 105 - 63. Suppose 3*c - 4*y = 22, -2*c + 0*y + 7 = 5*y. What is the highest common factor of r and c?
6
Let o be (-13 - -10) + 11*1. Let n(w) = 20*w**2 - w - 2. Let c be n(o). Let x be c/15 + 4/(-6). Calculate the greatest common divisor of x and 12.
12
Suppose 5*v = 5*z + 55 + 235, -3*z = -5*v + 284. Suppose 5*r - 20 = 0, -47 = 3*x + 3*r - 152. Let a = x + -26. What is the highest common factor of a and v?
5
Let x = 31 + -1. Let k = -24 + x. What is the highest common divisor of 12 and k?
6
Suppose -3*i + 1839 = 5*m, 3*m - 1131 = 3*i - 42. Calculate the greatest common divisor of m and 6.
6
Suppose -3*t + t + 14 = 0. Suppose -4*k - 31 = -t. Let r be 9/k*(-14)/3. What is the greatest common factor of r and 7?
7
Let t(z) = -z - 1. Let c(o) = -o**2 - 2 + 12*o - 2*o + 3*o. Let s be c(14). Let y be t(s). What is the greatest common factor of y and 15?
15
Suppose -6*i + 48 = -2*i. Let v(d) = -97*d. Let g be v(-2). Let w = 314 - g. What is the highest common factor of w and i?
12
Let d = -31 + 53. Let i = d + -19. Suppose -i*a + 8 = -a. Calculate the highest common factor of 44 and a.
4
Let o(i) = -i**2 + 23*i + 79. Let t be o(26). What is the greatest common divisor of t and 3?
1
Let m = 992 + -527. What is the greatest common factor of m and 30?
15
Let s(d) be the second derivative of -d**4/12 + 2*d**3 - 17*d**2/2 + 21*d. Let p be s(9). Calculate the highest common divisor of 90 and p.
10
Let a be (-14 - -14)/(2 - 0) + 200. Calculate the highest common factor of 25 and a.
25
Let a = 679 - 237. What is the highest common divisor of 17 and a?
17
Let c(m) = m**2 + 7*m - 6. Let h be c(-8). Suppose n = -4*l + 3*n + 12, n - h = -2*l. What is the greatest common factor of 1 and l?
1
Let b = -180 - -187. Calculate the highest common divisor of 1393 and b.
7
Suppose -4*t + 181 + 99 = 0. Let v be (-16)/12*(-9)/(-2). Let x be 6/4*(-40)/v. What is the highest common factor of x and t?
10
Let m = -265 + 335. Calculate the highest common divisor of m and 105.
35
Let r(w) = -51*w + 1. Let p be r(-1). Let y = 49 + -23. Let j = -13 + y. What is the greatest common divisor of j and p?
13
Let j = 16 + 459. What is the greatest common factor of j and 19?
19
Let v(n) = n**2 - 6*n - 1. Let o be v(-7). Let w(x) = 14*x**2 + 3. Let l be w(4). Suppose -47 = 5*c - l. Calculate the greatest common divisor of c and o.
18
Let w = -2 + 2. Suppose -3*u - b + 116 = 0, w*u + 40 = u - b. Let h be ((-26)/u)/(4/(-306)). Calculate the greatest common divisor of h and 34.
17
Suppose -8*j = 5*j - 7150. What is the highest common factor of j and 50?
50
Suppose -5*m = 25, h - 3*m - 8 = m. Let f = h - -23. Let p = -92 + 191. What is the greatest common divisor of p and f?
11
Suppose m = -4*w + 47, 0 = -5*m - 15 - 10. What is the highest common divisor of w and 39?
13
Let w(n) = 6*n - 42. Let i be w(7). Let x be 0 + 2 + 1*18. Suppose p - 6*p + x = i. Calculate the greatest common divisor of 12 and p.
4
Let o = -15 - -21. Let c(h) = 29*h + 14. Let a be c(o). Suppose 2*k - 87 = -u, 3*k = -2*u + 4*u - a. Calculate the highest common divisor of u and 13.
13
Suppose -t = -0*b - 3*b + 18, 4*t + 72 = -b. Let m = t - -20. Calculate the greatest common divisor of m and 18.
2
Suppose -4*r = -0 - 16. Let n be ((-6)/r)/((-3)/28). Suppose -3*g + 25 = 4*t, 7*g - 34 = -5*t + 6*g. What is the greatest common divisor of n and t?
7
Suppose 3*h - 54 = -3*y, 5*h + 4*y - 52 - 35 = 0. What is the highest common divisor of h and 20?
5
Suppose -45*f = -27*f - 486. Calculate the greatest common factor of f and 144.
9
Let f be (9/18)/((3 + -4)/(-588)). Suppose 16*r + 102 - f = 0. Let d = -27 - -159. What is the greatest common divisor of r and d?
12
Let n be 6/((-30)/(-593)) - 2/(-5). Calculate the greatest common factor of 21 and n.
7
Suppose 8*u - 4*b - 4208 = 3*u, u = -5*b + 830. Calculate the greatest common divisor of 20 and u.
20
Let g be (-136)/612 - ((-4072)/18 + 1). Calculate the greatest common factor of g and 75.
75
Let t(o) = -o**2 + 16*o. Let w be t(16). Suppose w = 3*n + 2*g + 3*g - 705, 1212 = 5*n - 4*g. What is the greatest common factor of 30 and n?
30
Suppose 3*p = -p + 4. Let v be -3 + p + 348 + -4. What is the greatest common divisor of 38 and v?
38
Let g = -87 + 86. Let k be (20/2)/(2*g/(-4)). Calculate the greatest common divisor of k and 4.
4
Suppose -38 - 37 = -5*c. What is the highest common factor of c and 165?
15
Let v(b) = -2*b**3 - 2*b**2 + 2*b + 2. Let m be v(-2). Suppose -8*t + 24 = -0*t. Suppose 0 = -t*d - 11*d + 168. What is the greatest common divisor of m and d?
6
Let y be (-1)/((-2)/4)*26. Let t = -17 + y. What is the highest common divisor of 14 and t?
7
Let t = 27 - 24. Let h be (-3 + 3)*t/(-9). Let n be 20/(-30)*(-21 - h). Calculate the highest common factor of n and 7.
7
Suppose 4*l + 51 = -3*j + 185, -4*l + 130 = j. What is the greatest common divisor of l and 16?
16
Let s be (-2125)/(-7) + 15/35. What is the greatest common divisor of 32 and s?
16
Suppose 0*n - n + 5 = 5*s, 3*n - 4*s - 53 = 0. Suppose m + 4*m = 5*l - 125, 0 = 4*l - 5*m - 95. What is the greatest common divisor of l and n?
15
Suppose 0 = 6*w - 135 - 3. Let r = w + -5. Let t = 123 - r. Calculate the highest common factor of 15 and t.
15
Let d(p) = p**3 - 3*p**2 - 18*p - 12. Let b be d(9). What is the highest common factor of b and 48?
24
Let h be ((-8)/(-20))/((-3)/(-60)). Let t be h/(-12)*6*-1. Let s be t/(-6)*-177 - -2. Calculate the highest common divisor of 48 and s.
24
Suppose f + 13 = 17, 3*y - 934 = -f. What is the highest common divisor of 20 and y?
10
Suppose -2*h = -6*h + 4*j, 5*j = 25. Let a be (-60)/8*(-144)/5. Suppose h*o - a = 2*o. Calculate the greatest common factor of 8 and o.
8
Suppose 0 = -2*v + 1 - 51. Let o = -26 - v. Let m = o - -4. Calculate the 